{"id":55,"date":"2023-08-13T18:48:14","date_gmt":"2023-08-13T16:48:14","guid":{"rendered":"https:\/\/adrianfernandezabogado.com.ar\/?page_id=55"},"modified":"2023-08-13T21:00:21","modified_gmt":"2023-08-13T19:00:21","slug":"atribucion-de-la-vivienda","status":"publish","type":"page","link":"https:\/\/adrianfernandezabogado.com.ar\/index.php\/atribucion-de-la-vivienda\/","title":{"rendered":"Atribuci\u00f3n de la Vivienda"},"content":{"rendered":"\t\t<div data-elementor-type=\"wp-page\" data-elementor-id=\"55\" class=\"elementor elementor-55\" data-elementor-settings=\"{&quot;ha_cmc_init_switcher&quot;:&quot;no&quot;}\" data-elementor-post-type=\"page\">\n\t\t\t\t\t\t<section class=\"elementor-section elementor-top-section elementor-element elementor-element-7b89d4c elementor-section-boxed elementor-section-height-default elementor-section-height-default\" data-id=\"7b89d4c\" data-element_type=\"section\" data-settings=\"{&quot;_ha_eqh_enable&quot;:false}\">\n\t\t\t\t\t\t<div class=\"elementor-container elementor-column-gap-default\">\n\t\t\t\t\t<div class=\"elementor-column elementor-col-100 elementor-top-column elementor-element elementor-element-2a5c66d\" data-id=\"2a5c66d\" data-element_type=\"column\">\n\t\t\t<div class=\"elementor-widget-wrap elementor-element-populated\">\n\t\t\t\t\t\t<div class=\"elementor-element elementor-element-5454865 elementor-widget elementor-widget-heading\" data-id=\"5454865\" data-element_type=\"widget\" data-widget_type=\"heading.default\">\n\t\t\t\t<div class=\"elementor-widget-container\">\n\t\t\t\t\t<h2 class=\"elementor-heading-title elementor-size-default\">Atribuci\u00f3n de la Vivienda\n<\/h2>\t\t\t\t<\/div>\n\t\t\t\t<\/div>\n\t\t\t\t<div class=\"elementor-element elementor-element-d4e680e elementor-widget elementor-widget-text-editor\" data-id=\"d4e680e\" data-element_type=\"widget\" data-widget_type=\"text-editor.default\">\n\t\t\t\t<div class=\"elementor-widget-container\">\n\t\t\t\t\t\t\t\t\t<p>La determinaci\u00f3n de cu\u00e1l de los c\u00f3nyuges continuar\u00e1 viviendo en la propiedad donde ambos compartieron hasta la separaci\u00f3n es uno de los desaf\u00edos m\u00e1s complejos de abordar en casos de divorcio.<\/p><p>En situaciones en las que no haya consenso entre los c\u00f3nyuges, ser\u00e1 necesario recurrir a la decisi\u00f3n de un Juez, a petici\u00f3n de uno de los esposos.<\/p><p>Cuando el Juez tome una resoluci\u00f3n, deber\u00e1 determinar si es apropiado o no otorgar la asignaci\u00f3n de la vivienda, as\u00ed como establecer la duraci\u00f3n y los efectos de dicha asignaci\u00f3n.<\/p><p>El C\u00f3digo Civil establece los criterios que deben ser considerados al tomar esta decisi\u00f3n: a) la persona a la que se le conf\u00eda el cuidado personal de los hijos; b) el c\u00f3nyuge que se encuentra en una posici\u00f3n econ\u00f3mica m\u00e1s desfavorable para acceder a una vivienda por sus propios medios; c) la salud y edad de los c\u00f3nyuges; d) los intereses de otras personas en el grupo familiar.<\/p><p>Junto con la asignaci\u00f3n de la vivienda, el Juez puede decidir, si es solicitado, otorgar una compensaci\u00f3n financiera por el uso del inmueble a favor del otro c\u00f3nyuge. Adem\u00e1s, puede determinar que la propiedad no sea vendida sin el consentimiento expl\u00edcito de ambos.<\/p><p>Tal como ocurre con cualquier decisi\u00f3n sobre bienes registrables, esta resoluci\u00f3n debe ser inscrita en el Registro de la Propiedad Inmueble para que tenga efecto frente a terceros.<\/p>\t\t\t\t\t\t\t\t<\/div>\n\t\t\t\t<\/div>\n\t\t\t\t\t<\/div>\n\t\t<\/div>\n\t\t\t\t\t<\/div>\n\t\t<\/section>\n\t\t\t\t<section class=\"elementor-section elementor-top-section elementor-element elementor-element-175e976a elementor-section-full_width elementor-section-height-default elementor-section-height-default\" data-id=\"175e976a\" data-element_type=\"section\" data-settings=\"{&quot;background_background&quot;:&quot;classic&quot;,&quot;_ha_eqh_enable&quot;:false}\">\n\t\t\t\t\t\t<div class=\"elementor-container elementor-column-gap-default\">\n\t\t\t\t\t<div class=\"elementor-column elementor-col-25 elementor-top-column elementor-element elementor-element-17b452c0\" data-id=\"17b452c0\" data-element_type=\"column\">\n\t\t\t<div class=\"elementor-widget-wrap elementor-element-populated\">\n\t\t\t\t\t\t<div class=\"elementor-element elementor-element-3a9d46d8 elementor-align-center elementor-widget elementor-widget-button\" data-id=\"3a9d46d8\" data-element_type=\"widget\" data-widget_type=\"button.default\">\n\t\t\t\t<div class=\"elementor-widget-container\">\n\t\t\t\t\t\t\t\t\t<div class=\"elementor-button-wrapper\">\n\t\t\t\t\t<a class=\"elementor-button elementor-button-link elementor-size-sm\" href=\"https:\/\/adrianfernandezabogado.com.ar\/index.php\/divorcios\/\">\n\t\t\t\t\t\t<span class=\"elementor-button-content-wrapper\">\n\t\t\t\t\t\t\t\t\t<span class=\"elementor-button-text\">Divorcios<\/span>\n\t\t\t\t\t<\/span>\n\t\t\t\t\t<\/a>\n\t\t\t\t<\/div>\n\t\t\t\t\t\t\t\t<\/div>\n\t\t\t\t<\/div>\n\t\t\t\t\t<\/div>\n\t\t<\/div>\n\t\t\t\t<div class=\"elementor-column elementor-col-25 elementor-top-column elementor-element elementor-element-4dea000\" data-id=\"4dea000\" data-element_type=\"column\">\n\t\t\t<div class=\"elementor-widget-wrap elementor-element-populated\">\n\t\t\t\t\t\t<div class=\"elementor-element elementor-element-379b2837 elementor-align-center elementor-widget elementor-widget-button\" data-id=\"379b2837\" data-element_type=\"widget\" data-widget_type=\"button.default\">\n\t\t\t\t<div class=\"elementor-widget-container\">\n\t\t\t\t\t\t\t\t\t<div class=\"elementor-button-wrapper\">\n\t\t\t\t\t<a class=\"elementor-button elementor-button-link elementor-size-sm\" href=\"https:\/\/adrianfernandezabogado.com.ar\/index.php\/compensacion-economica\/\">\n\t\t\t\t\t\t<span class=\"elementor-button-content-wrapper\">\n\t\t\t\t\t\t\t\t\t<span class=\"elementor-button-text\">Compensaci\u00f3n Econ\u00f3mica<\/span>\n\t\t\t\t\t<\/span>\n\t\t\t\t\t<\/a>\n\t\t\t\t<\/div>\n\t\t\t\t\t\t\t\t<\/div>\n\t\t\t\t<\/div>\n\t\t\t\t\t<\/div>\n\t\t<\/div>\n\t\t\t\t<div class=\"elementor-column elementor-col-25 elementor-top-column elementor-element elementor-element-32ee9423\" data-id=\"32ee9423\" data-element_type=\"column\">\n\t\t\t<div class=\"elementor-widget-wrap elementor-element-populated\">\n\t\t\t\t\t\t<div class=\"elementor-element elementor-element-3186fa06 elementor-align-center elementor-widget elementor-widget-button\" data-id=\"3186fa06\" data-element_type=\"widget\" data-widget_type=\"button.default\">\n\t\t\t\t<div class=\"elementor-widget-container\">\n\t\t\t\t\t\t\t\t\t<div class=\"elementor-button-wrapper\">\n\t\t\t\t\t<a class=\"elementor-button elementor-button-link elementor-size-sm\" href=\"https:\/\/adrianfernandezabogado.com.ar\/index.php\/regimen-de-comunicacion\/\">\n\t\t\t\t\t\t<span class=\"elementor-button-content-wrapper\">\n\t\t\t\t\t\t\t\t\t<span class=\"elementor-button-text\">R\u00e9gimen de Comunicaci\u00f3n<\/span>\n\t\t\t\t\t<\/span>\n\t\t\t\t\t<\/a>\n\t\t\t\t<\/div>\n\t\t\t\t\t\t\t\t<\/div>\n\t\t\t\t<\/div>\n\t\t\t\t\t<\/div>\n\t\t<\/div>\n\t\t\t\t<div class=\"elementor-column elementor-col-25 elementor-top-column elementor-element elementor-element-1d23228b\" data-id=\"1d23228b\" data-element_type=\"column\">\n\t\t\t<div class=\"elementor-widget-wrap elementor-element-populated\">\n\t\t\t\t\t\t<div class=\"elementor-element elementor-element-7cca1fd7 elementor-align-center elementor-widget elementor-widget-button\" data-id=\"7cca1fd7\" data-element_type=\"widget\" data-widget_type=\"button.default\">\n\t\t\t\t<div class=\"elementor-widget-container\">\n\t\t\t\t\t\t\t\t\t<div class=\"elementor-button-wrapper\">\n\t\t\t\t\t<a class=\"elementor-button elementor-button-link elementor-size-sm\" href=\"https:\/\/adrianfernandezabogado.com.ar\/index.php\/atribucion-de-la-vivienda\/\">\n\t\t\t\t\t\t<span class=\"elementor-button-content-wrapper\">\n\t\t\t\t\t\t\t\t\t<span class=\"elementor-button-text\">Atribuci\u00f3n de la Vivienda<\/span>\n\t\t\t\t\t<\/span>\n\t\t\t\t\t<\/a>\n\t\t\t\t<\/div>\n\t\t\t\t\t\t\t\t<\/div>\n\t\t\t\t<\/div>\n\t\t\t\t\t<\/div>\n\t\t<\/div>\n\t\t\t\t\t<\/div>\n\t\t<\/section>\n\t\t\t\t<section class=\"elementor-section elementor-top-section elementor-element elementor-element-69dba268 elementor-section-full_width elementor-section-height-default elementor-section-height-default\" data-id=\"69dba268\" data-element_type=\"section\" data-settings=\"{&quot;background_background&quot;:&quot;classic&quot;,&quot;_ha_eqh_enable&quot;:false}\">\n\t\t\t\t\t\t<div class=\"elementor-container elementor-column-gap-default\">\n\t\t\t\t\t<div class=\"elementor-column elementor-col-20 elementor-top-column elementor-element elementor-element-6c7406fa\" data-id=\"6c7406fa\" data-element_type=\"column\">\n\t\t\t<div class=\"elementor-widget-wrap elementor-element-populated\">\n\t\t\t\t\t\t<div class=\"elementor-element elementor-element-1dff0d6c elementor-align-center elementor-widget elementor-widget-button\" data-id=\"1dff0d6c\" data-element_type=\"widget\" data-widget_type=\"button.default\">\n\t\t\t\t<div class=\"elementor-widget-container\">\n\t\t\t\t\t\t\t\t\t<div class=\"elementor-button-wrapper\">\n\t\t\t\t\t<a class=\"elementor-button elementor-button-link elementor-size-sm\" href=\"https:\/\/adrianfernandezabogado.com.ar\/index.php\/cuidado-personal-de-hijos\/\">\n\t\t\t\t\t\t<span class=\"elementor-button-content-wrapper\">\n\t\t\t\t\t\t\t\t\t<span class=\"elementor-button-text\">Cuidado Personal de Hijos<\/span>\n\t\t\t\t\t<\/span>\n\t\t\t\t\t<\/a>\n\t\t\t\t<\/div>\n\t\t\t\t\t\t\t\t<\/div>\n\t\t\t\t<\/div>\n\t\t\t\t\t<\/div>\n\t\t<\/div>\n\t\t\t\t<div class=\"elementor-column elementor-col-20 elementor-top-column elementor-element elementor-element-5027aa12\" data-id=\"5027aa12\" data-element_type=\"column\">\n\t\t\t<div class=\"elementor-widget-wrap elementor-element-populated\">\n\t\t\t\t\t\t<div class=\"elementor-element elementor-element-5be5c940 elementor-align-center elementor-widget elementor-widget-button\" data-id=\"5be5c940\" data-element_type=\"widget\" data-widget_type=\"button.default\">\n\t\t\t\t<div class=\"elementor-widget-container\">\n\t\t\t\t\t\t\t\t\t<div class=\"elementor-button-wrapper\">\n\t\t\t\t\t<a class=\"elementor-button elementor-button-link elementor-size-sm\" href=\"https:\/\/adrianfernandezabogado.com.ar\/index.php\/capacidad-juridica\/\">\n\t\t\t\t\t\t<span class=\"elementor-button-content-wrapper\">\n\t\t\t\t\t\t\t\t\t<span class=\"elementor-button-text\">Capacidad Jur\u00eddica<\/span>\n\t\t\t\t\t<\/span>\n\t\t\t\t\t<\/a>\n\t\t\t\t<\/div>\n\t\t\t\t\t\t\t\t<\/div>\n\t\t\t\t<\/div>\n\t\t\t\t\t<\/div>\n\t\t<\/div>\n\t\t\t\t<div class=\"elementor-column elementor-col-20 elementor-top-column elementor-element elementor-element-381e68a3\" data-id=\"381e68a3\" data-element_type=\"column\">\n\t\t\t<div class=\"elementor-widget-wrap elementor-element-populated\">\n\t\t\t\t\t\t<div class=\"elementor-element elementor-element-6ba4296b elementor-align-center elementor-widget elementor-widget-button\" data-id=\"6ba4296b\" data-element_type=\"widget\" data-widget_type=\"button.default\">\n\t\t\t\t<div class=\"elementor-widget-container\">\n\t\t\t\t\t\t\t\t\t<div class=\"elementor-button-wrapper\">\n\t\t\t\t\t<a class=\"elementor-button elementor-button-link elementor-size-sm\" href=\"https:\/\/adrianfernandezabogado.com.ar\/index.php\/plan-de-parentalidad\/\">\n\t\t\t\t\t\t<span class=\"elementor-button-content-wrapper\">\n\t\t\t\t\t\t\t\t\t<span class=\"elementor-button-text\">Plan de Parentalidad<\/span>\n\t\t\t\t\t<\/span>\n\t\t\t\t\t<\/a>\n\t\t\t\t<\/div>\n\t\t\t\t\t\t\t\t<\/div>\n\t\t\t\t<\/div>\n\t\t\t\t\t<\/div>\n\t\t<\/div>\n\t\t\t\t<div class=\"elementor-column elementor-col-20 elementor-top-column elementor-element elementor-element-574a1985\" data-id=\"574a1985\" data-element_type=\"column\">\n\t\t\t<div class=\"elementor-widget-wrap elementor-element-populated\">\n\t\t\t\t\t\t<div class=\"elementor-element elementor-element-eb285ce elementor-align-center elementor-widget elementor-widget-button\" data-id=\"eb285ce\" data-element_type=\"widget\" data-widget_type=\"button.default\">\n\t\t\t\t<div class=\"elementor-widget-container\">\n\t\t\t\t\t\t\t\t\t<div class=\"elementor-button-wrapper\">\n\t\t\t\t\t<a class=\"elementor-button elementor-button-link elementor-size-sm\" href=\"https:\/\/adrianfernandezabogado.com.ar\/index.php\/sucesiones\/\">\n\t\t\t\t\t\t<span class=\"elementor-button-content-wrapper\">\n\t\t\t\t\t\t\t\t\t<span class=\"elementor-button-text\">Sucesiones<\/span>\n\t\t\t\t\t<\/span>\n\t\t\t\t\t<\/a>\n\t\t\t\t<\/div>\n\t\t\t\t\t\t\t\t<\/div>\n\t\t\t\t<\/div>\n\t\t\t\t\t<\/div>\n\t\t<\/div>\n\t\t\t\t<div class=\"elementor-column elementor-col-20 elementor-top-column elementor-element elementor-element-7fb136d3\" data-id=\"7fb136d3\" data-element_type=\"column\">\n\t\t\t<div class=\"elementor-widget-wrap elementor-element-populated\">\n\t\t\t\t\t\t<div class=\"elementor-element elementor-element-3466b51b elementor-align-center elementor-widget elementor-widget-button\" data-id=\"3466b51b\" data-element_type=\"widget\" data-widget_type=\"button.default\">\n\t\t\t\t<div class=\"elementor-widget-container\">\n\t\t\t\t\t\t\t\t\t<div class=\"elementor-button-wrapper\">\n\t\t\t\t\t<a class=\"elementor-button elementor-button-link elementor-size-sm\" href=\"https:\/\/adrianfernandezabogado.com.ar\/index.php\/filiaciones\/\">\n\t\t\t\t\t\t<span class=\"elementor-button-content-wrapper\">\n\t\t\t\t\t\t\t\t\t<span class=\"elementor-button-text\">Filiaciones<\/span>\n\t\t\t\t\t<\/span>\n\t\t\t\t\t<\/a>\n\t\t\t\t<\/div>\n\t\t\t\t\t\t\t\t<\/div>\n\t\t\t\t<\/div>\n\t\t\t\t\t<\/div>\n\t\t<\/div>\n\t\t\t\t\t<\/div>\n\t\t<\/section>\n\t\t\t\t<section class=\"elementor-section elementor-top-section elementor-element elementor-element-bc07237 elementor-section-boxed elementor-section-height-default elementor-section-height-default\" data-id=\"bc07237\" data-element_type=\"section\" data-settings=\"{&quot;_ha_eqh_enable&quot;:false}\">\n\t\t\t\t\t\t<div class=\"elementor-container elementor-column-gap-default\">\n\t\t\t\t\t<div class=\"elementor-column elementor-col-100 elementor-top-column elementor-element elementor-element-20778c9\" data-id=\"20778c9\" data-element_type=\"column\">\n\t\t\t<div class=\"elementor-widget-wrap elementor-element-populated\">\n\t\t\t\t\t\t<div class=\"elementor-element elementor-element-799bb2e elementor-widget elementor-widget-spacer\" data-id=\"799bb2e\" data-element_type=\"widget\" data-widget_type=\"spacer.default\">\n\t\t\t\t<div class=\"elementor-widget-container\">\n\t\t\t\t\t\t\t<div class=\"elementor-spacer\">\n\t\t\t<div class=\"elementor-spacer-inner\"><\/div>\n\t\t<\/div>\n\t\t\t\t\t\t<\/div>\n\t\t\t\t<\/div>\n\t\t\t\t\t<\/div>\n\t\t<\/div>\n\t\t\t\t\t<\/div>\n\t\t<\/section>\n\t\t\t\t<\/div>\n\t\t","protected":false},"excerpt":{"rendered":"<p>Atribuci\u00f3n de la Vivienda La determinaci\u00f3n de cu\u00e1l de los c\u00f3nyuges continuar\u00e1 viviendo en la propiedad donde ambos compartieron hasta la separaci\u00f3n es uno de los desaf\u00edos m\u00e1s complejos de abordar en casos de divorcio. En situaciones en las que no haya consenso entre los c\u00f3nyuges, ser\u00e1 necesario recurrir a la decisi\u00f3n de un Juez, [&hellip;]<\/p>\n","protected":false},"author":1,"featured_media":0,"parent":0,"menu_order":0,"comment_status":"closed","ping_status":"closed","template":"","meta":{"site-sidebar-layout":"no-sidebar","site-content-layout":"page-builder","ast-site-content-layout":"default","site-content-style":"default","site-sidebar-style":"default","ast-global-header-display":"","ast-banner-title-visibility":"","ast-main-header-display":"","ast-hfb-above-header-display":"","ast-hfb-below-header-display":"","ast-hfb-mobile-header-display":"","site-post-title":"disabled","ast-breadcrumbs-content":"","ast-featured-img":"disabled","footer-sml-layout":"","ast-disable-related-posts":"","theme-transparent-header-meta":"","adv-header-id-meta":"","stick-header-meta":"","header-above-stick-meta":"","header-main-stick-meta":"","header-below-stick-meta":"","astra-migrate-meta-layouts":"default","ast-page-background-enabled":"default","ast-page-background-meta":{"desktop":{"background-color":"var(--ast-global-color-4)","background-image":"","background-repeat":"repeat","background-position":"center center","background-size":"auto","background-attachment":"scroll","background-type":"","background-media":"","overlay-type":"","overlay-color":"","overlay-opacity":"","overlay-gradient":""},"tablet":{"background-color":"","background-image":"","background-repeat":"repeat","background-position":"center center","background-size":"auto","background-attachment":"scroll","background-type":"","background-media":"","overlay-type":"","overlay-color":"","overlay-opacity":"","overlay-gradient":""},"mobile":{"background-color":"","background-image":"","background-repeat":"repeat","background-position":"center center","background-size":"auto","background-attachment":"scroll","background-type":"","background-media":"","overlay-type":"","overlay-color":"","overlay-opacity":"","overlay-gradient":""}},"ast-content-background-meta":{"desktop":{"background-color":"var(--ast-global-color-5)","background-image":"","background-repeat":"repeat","background-position":"center center","background-size":"auto","background-attachment":"scroll","background-type":"","background-media":"","overlay-type":"","overlay-color":"","overlay-opacity":"","overlay-gradient":""},"tablet":{"background-color":"var(--ast-global-color-5)","background-image":"","background-repeat":"repeat","background-position":"center center","background-size":"auto","background-attachment":"scroll","background-type":"","background-media":"","overlay-type":"","overlay-color":"","overlay-opacity":"","overlay-gradient":""},"mobile":{"background-color":"var(--ast-global-color-5)","background-image":"","background-repeat":"repeat","background-position":"center center","background-size":"auto","background-attachment":"scroll","background-type":"","background-media":"","overlay-type":"","overlay-color":"","overlay-opacity":"","overlay-gradient":""}},"_joinchat":[],"footnotes":""},"class_list":["post-55","page","type-page","status-publish","hentry"],"yoast_head":"<!-- This site is optimized with the Yoast SEO plugin v27.5 - https:\/\/yoast.com\/product\/yoast-seo-wordpress\/ -->\n<title>Atribuci\u00f3n de la Vivienda - Adri\u00e1n Fernandez Abogado<\/title>\n<meta name=\"robots\" content=\"index, follow, max-snippet:-1, max-image-preview:large, max-video-preview:-1\" \/>\n<link rel=\"canonical\" href=\"https:\/\/adrianfernandezabogado.com.ar\/index.php\/atribucion-de-la-vivienda\/\" \/>\n<meta property=\"og:locale\" content=\"es_ES\" \/>\n<meta property=\"og:type\" content=\"article\" \/>\n<meta property=\"og:title\" content=\"Atribuci\u00f3n de la Vivienda - Adri\u00e1n Fernandez Abogado\" \/>\n<meta property=\"og:description\" content=\"Atribuci\u00f3n de la Vivienda La determinaci\u00f3n de cu\u00e1l de los c\u00f3nyuges continuar\u00e1 viviendo en la propiedad donde ambos compartieron hasta la separaci\u00f3n es uno de los desaf\u00edos m\u00e1s complejos de abordar en casos de divorcio. En situaciones en las que no haya consenso entre los c\u00f3nyuges, ser\u00e1 necesario recurrir a la decisi\u00f3n de un Juez, [&hellip;]\" \/>\n<meta property=\"og:url\" content=\"https:\/\/adrianfernandezabogado.com.ar\/index.php\/atribucion-de-la-vivienda\/\" \/>\n<meta property=\"og:site_name\" content=\"Adri\u00e1n Fernandez Abogado\" \/>\n<meta property=\"article:modified_time\" content=\"2023-08-13T19:00:21+00:00\" \/>\n<meta name=\"twitter:card\" content=\"summary_large_image\" \/>\n<meta name=\"twitter:label1\" content=\"Est. reading time\" \/>\n\t<meta name=\"twitter:data1\" content=\"2 minutos\" \/>\n<script type=\"application\/ld+json\" class=\"yoast-schema-graph\">{\"@context\":\"https:\\\/\\\/schema.org\",\"@graph\":[{\"@type\":\"WebPage\",\"@id\":\"https:\\\/\\\/adrianfernandezabogado.com.ar\\\/index.php\\\/atribucion-de-la-vivienda\\\/\",\"url\":\"https:\\\/\\\/adrianfernandezabogado.com.ar\\\/index.php\\\/atribucion-de-la-vivienda\\\/\",\"name\":\"Atribuci\u00f3n de la Vivienda - Adri\u00e1n Fernandez Abogado\",\"isPartOf\":{\"@id\":\"https:\\\/\\\/adrianfernandezabogado.com.ar\\\/#website\"},\"datePublished\":\"2023-08-13T16:48:14+00:00\",\"dateModified\":\"2023-08-13T19:00:21+00:00\",\"breadcrumb\":{\"@id\":\"https:\\\/\\\/adrianfernandezabogado.com.ar\\\/index.php\\\/atribucion-de-la-vivienda\\\/#breadcrumb\"},\"inLanguage\":\"es-UY\",\"potentialAction\":[{\"@type\":\"ReadAction\",\"target\":[\"https:\\\/\\\/adrianfernandezabogado.com.ar\\\/index.php\\\/atribucion-de-la-vivienda\\\/\"]}]},{\"@type\":\"BreadcrumbList\",\"@id\":\"https:\\\/\\\/adrianfernandezabogado.com.ar\\\/index.php\\\/atribucion-de-la-vivienda\\\/#breadcrumb\",\"itemListElement\":[{\"@type\":\"ListItem\",\"position\":1,\"name\":\"Portada\",\"item\":\"https:\\\/\\\/adrianfernandezabogado.com.ar\\\/\"},{\"@type\":\"ListItem\",\"position\":2,\"name\":\"Atribuci\u00f3n de la Vivienda\"}]},{\"@type\":\"WebSite\",\"@id\":\"https:\\\/\\\/adrianfernandezabogado.com.ar\\\/#website\",\"url\":\"https:\\\/\\\/adrianfernandezabogado.com.ar\\\/\",\"name\":\"Adri\u00e1n Fernandez Abogado\",\"description\":\"Estudio Jur\u00eddoco Integral. Divorcios compensaci\u00f3n econ\u00f3mica, r\u00e9gimen de comunicaci\u00f3n, atribuci\u00f3n de la vivienda, cuidado personal, capacidad jur\u00eddica, plan de parentalidad, sucesiones y filiaciones.\",\"publisher\":{\"@id\":\"https:\\\/\\\/adrianfernandezabogado.com.ar\\\/#organization\"},\"potentialAction\":[{\"@type\":\"SearchAction\",\"target\":{\"@type\":\"EntryPoint\",\"urlTemplate\":\"https:\\\/\\\/adrianfernandezabogado.com.ar\\\/?s={search_term_string}\"},\"query-input\":{\"@type\":\"PropertyValueSpecification\",\"valueRequired\":true,\"valueName\":\"search_term_string\"}}],\"inLanguage\":\"es-UY\"},{\"@type\":\"Organization\",\"@id\":\"https:\\\/\\\/adrianfernandezabogado.com.ar\\\/#organization\",\"name\":\"Adri\u00e1n Fernandez Abogado\",\"url\":\"https:\\\/\\\/adrianfernandezabogado.com.ar\\\/\",\"logo\":{\"@type\":\"ImageObject\",\"inLanguage\":\"es-UY\",\"@id\":\"https:\\\/\\\/adrianfernandezabogado.com.ar\\\/#\\\/schema\\\/logo\\\/image\\\/\",\"url\":\"https:\\\/\\\/adrianfernandezabogado.com.ar\\\/wp-content\\\/uploads\\\/2023\\\/08\\\/LOGOWEB.jpg\",\"contentUrl\":\"https:\\\/\\\/adrianfernandezabogado.com.ar\\\/wp-content\\\/uploads\\\/2023\\\/08\\\/LOGOWEB.jpg\",\"width\":700,\"height\":180,\"caption\":\"Adri\u00e1n Fernandez Abogado\"},\"image\":{\"@id\":\"https:\\\/\\\/adrianfernandezabogado.com.ar\\\/#\\\/schema\\\/logo\\\/image\\\/\"}}]}<\/script>\n<!-- \/ Yoast SEO plugin. -->","yoast_head_json":{"title":"Atribuci\u00f3n de la Vivienda - Adri\u00e1n Fernandez Abogado","robots":{"index":"index","follow":"follow","max-snippet":"max-snippet:-1","max-image-preview":"max-image-preview:large","max-video-preview":"max-video-preview:-1"},"canonical":"https:\/\/adrianfernandezabogado.com.ar\/index.php\/atribucion-de-la-vivienda\/","og_locale":"es_ES","og_type":"article","og_title":"Atribuci\u00f3n de la Vivienda - Adri\u00e1n Fernandez Abogado","og_description":"Atribuci\u00f3n de la Vivienda La determinaci\u00f3n de cu\u00e1l de los c\u00f3nyuges continuar\u00e1 viviendo en la propiedad donde ambos compartieron hasta la separaci\u00f3n es uno de los desaf\u00edos m\u00e1s complejos de abordar en casos de divorcio. En situaciones en las que no haya consenso entre los c\u00f3nyuges, ser\u00e1 necesario recurrir a la decisi\u00f3n de un Juez, [&hellip;]","og_url":"https:\/\/adrianfernandezabogado.com.ar\/index.php\/atribucion-de-la-vivienda\/","og_site_name":"Adri\u00e1n Fernandez Abogado","article_modified_time":"2023-08-13T19:00:21+00:00","twitter_card":"summary_large_image","twitter_misc":{"Est. reading time":"2 minutos"},"schema":{"@context":"https:\/\/schema.org","@graph":[{"@type":"WebPage","@id":"https:\/\/adrianfernandezabogado.com.ar\/index.php\/atribucion-de-la-vivienda\/","url":"https:\/\/adrianfernandezabogado.com.ar\/index.php\/atribucion-de-la-vivienda\/","name":"Atribuci\u00f3n de la Vivienda - Adri\u00e1n Fernandez Abogado","isPartOf":{"@id":"https:\/\/adrianfernandezabogado.com.ar\/#website"},"datePublished":"2023-08-13T16:48:14+00:00","dateModified":"2023-08-13T19:00:21+00:00","breadcrumb":{"@id":"https:\/\/adrianfernandezabogado.com.ar\/index.php\/atribucion-de-la-vivienda\/#breadcrumb"},"inLanguage":"es-UY","potentialAction":[{"@type":"ReadAction","target":["https:\/\/adrianfernandezabogado.com.ar\/index.php\/atribucion-de-la-vivienda\/"]}]},{"@type":"BreadcrumbList","@id":"https:\/\/adrianfernandezabogado.com.ar\/index.php\/atribucion-de-la-vivienda\/#breadcrumb","itemListElement":[{"@type":"ListItem","position":1,"name":"Portada","item":"https:\/\/adrianfernandezabogado.com.ar\/"},{"@type":"ListItem","position":2,"name":"Atribuci\u00f3n de la Vivienda"}]},{"@type":"WebSite","@id":"https:\/\/adrianfernandezabogado.com.ar\/#website","url":"https:\/\/adrianfernandezabogado.com.ar\/","name":"Adri\u00e1n Fernandez Abogado","description":"Estudio Jur\u00eddoco Integral. Divorcios compensaci\u00f3n econ\u00f3mica, r\u00e9gimen de comunicaci\u00f3n, atribuci\u00f3n de la vivienda, cuidado personal, capacidad jur\u00eddica, plan de parentalidad, sucesiones y filiaciones.","publisher":{"@id":"https:\/\/adrianfernandezabogado.com.ar\/#organization"},"potentialAction":[{"@type":"SearchAction","target":{"@type":"EntryPoint","urlTemplate":"https:\/\/adrianfernandezabogado.com.ar\/?s={search_term_string}"},"query-input":{"@type":"PropertyValueSpecification","valueRequired":true,"valueName":"search_term_string"}}],"inLanguage":"es-UY"},{"@type":"Organization","@id":"https:\/\/adrianfernandezabogado.com.ar\/#organization","name":"Adri\u00e1n Fernandez Abogado","url":"https:\/\/adrianfernandezabogado.com.ar\/","logo":{"@type":"ImageObject","inLanguage":"es-UY","@id":"https:\/\/adrianfernandezabogado.com.ar\/#\/schema\/logo\/image\/","url":"https:\/\/adrianfernandezabogado.com.ar\/wp-content\/uploads\/2023\/08\/LOGOWEB.jpg","contentUrl":"https:\/\/adrianfernandezabogado.com.ar\/wp-content\/uploads\/2023\/08\/LOGOWEB.jpg","width":700,"height":180,"caption":"Adri\u00e1n Fernandez Abogado"},"image":{"@id":"https:\/\/adrianfernandezabogado.com.ar\/#\/schema\/logo\/image\/"}}]}},"_links":{"self":[{"href":"https:\/\/adrianfernandezabogado.com.ar\/index.php\/wp-json\/wp\/v2\/pages\/55","targetHints":{"allow":["GET"]}}],"collection":[{"href":"https:\/\/adrianfernandezabogado.com.ar\/index.php\/wp-json\/wp\/v2\/pages"}],"about":[{"href":"https:\/\/adrianfernandezabogado.com.ar\/index.php\/wp-json\/wp\/v2\/types\/page"}],"author":[{"embeddable":true,"href":"https:\/\/adrianfernandezabogado.com.ar\/index.php\/wp-json\/wp\/v2\/users\/1"}],"replies":[{"embeddable":true,"href":"https:\/\/adrianfernandezabogado.com.ar\/index.php\/wp-json\/wp\/v2\/comments?post=55"}],"version-history":[{"count":7,"href":"https:\/\/adrianfernandezabogado.com.ar\/index.php\/wp-json\/wp\/v2\/pages\/55\/revisions"}],"predecessor-version":[{"id":216,"href":"https:\/\/adrianfernandezabogado.com.ar\/index.php\/wp-json\/wp\/v2\/pages\/55\/revisions\/216"}],"wp:attachment":[{"href":"https:\/\/adrianfernandezabogado.com.ar\/index.php\/wp-json\/wp\/v2\/media?parent=55"}],"curies":[{"name":"wp","href":"https:\/\/api.w.org\/{rel}","templated":true}]}}