{"id":47,"date":"2023-08-13T18:46:13","date_gmt":"2023-08-13T16:46:13","guid":{"rendered":"https:\/\/adrianfernandezabogado.com.ar\/?page_id=47"},"modified":"2023-08-13T20:38:03","modified_gmt":"2023-08-13T18:38:03","slug":"nuestro-estudio","status":"publish","type":"page","link":"https:\/\/adrianfernandezabogado.com.ar\/index.php\/nuestro-estudio\/","title":{"rendered":"NUESTRO ESTUDIO"},"content":{"rendered":"\t\t<div data-elementor-type=\"wp-page\" data-elementor-id=\"47\" class=\"elementor elementor-47\" data-elementor-settings=\"{&quot;ha_cmc_init_switcher&quot;:&quot;no&quot;}\" data-elementor-post-type=\"page\">\n\t\t\t\t\t\t<section class=\"elementor-section elementor-top-section elementor-element elementor-element-5f2a09e elementor-section-boxed elementor-section-height-default elementor-section-height-default\" data-id=\"5f2a09e\" data-element_type=\"section\" data-settings=\"{&quot;_ha_eqh_enable&quot;:false}\">\n\t\t\t\t\t\t<div class=\"elementor-container elementor-column-gap-default\">\n\t\t\t\t\t<div class=\"elementor-column elementor-col-100 elementor-top-column elementor-element elementor-element-e4760e0\" data-id=\"e4760e0\" data-element_type=\"column\">\n\t\t\t<div class=\"elementor-widget-wrap elementor-element-populated\">\n\t\t\t\t\t\t<div class=\"elementor-element elementor-element-b4842fb elementor-widget elementor-widget-global elementor-global-130 elementor-widget-heading\" data-id=\"b4842fb\" data-element_type=\"widget\" data-widget_type=\"heading.default\">\n\t\t\t\t<div class=\"elementor-widget-container\">\n\t\t\t\t\t<h2 class=\"elementor-heading-title elementor-size-default\">NUESTRO ESTUDIO<\/h2>\t\t\t\t<\/div>\n\t\t\t\t<\/div>\n\t\t\t\t<div class=\"elementor-element elementor-element-fe88764 elementor-widget elementor-widget-global elementor-global-133 elementor-widget-text-editor\" data-id=\"fe88764\" data-element_type=\"widget\" data-widget_type=\"text-editor.default\">\n\t\t\t\t<div class=\"elementor-widget-container\">\n\t\t\t\t\t\t\t\t\t<p>Estudio Jur\u00eddico del Doctor Adri\u00e1n Fern\u00e1ndez \u25c8 M\u00e1s de 17 a\u00f1os respaldan nuestra trayectoria y experiencia \u25c8 Ciudad Aut\u00f3noma de Buenos Aires y Zona Norte del Gran Buenos Aires &#8211; Provincia de Buenos Aires.<\/p><p>Las necesidades de cada persona ante un problema legal pueden ser variadas. Se requiere un an\u00e1lisis integral de cada caso, por lo que es fundamental contar con profesionales id\u00f3neos, con una amplia experiencia en derecho, con la infraestructura necesaria y la capacidad de llevar a cabo las acciones requeridas para lograr la satisfacci\u00f3n del cliente. Disponemos de diversas alternativas de asesoramiento, tanto para casos espec\u00edficos como planes de suscripci\u00f3n para empresas.<\/p><p>Nuestra misi\u00f3n es encontrar las soluciones legales necesarias para garantizar el \u00e9xito de sus intereses y decisiones; nuestros pilares son la \u00c9tica, un conocimiento profundo del Derecho, la eficiencia y el compromiso decidido con el cliente.<\/p><p>Enfocados en brindar soluciones integrales, no solo nos dedicamos a resolver problemas judiciales, sino tambi\u00e9n a tratar asuntos previos al litigio, como asesoramiento y mediaci\u00f3n, con el prop\u00f3sito de evitar llegar a los tribunales.<\/p><p>Nuestro estudio jur\u00eddico est\u00e1 conformado por profesionales din\u00e1micos, eficientes y altamente capacitados, y tambi\u00e9n contamos con el apoyo de expertos de otras \u00e1reas para ofrecer soluciones completas.<\/p><div id=\"BD34DA22_AD31_C801_29AB_A63725E52126\">\u00a0<\/div>\t\t\t\t\t\t\t\t<\/div>\n\t\t\t\t<\/div>\n\t\t\t\t\t<\/div>\n\t\t<\/div>\n\t\t\t\t\t<\/div>\n\t\t<\/section>\n\t\t\t\t<section class=\"elementor-section elementor-top-section elementor-element elementor-element-457b4577 elementor-section-full_width elementor-section-height-min-height elementor-section-height-default elementor-section-items-middle\" data-id=\"457b4577\" data-element_type=\"section\" data-settings=\"{&quot;background_background&quot;:&quot;classic&quot;,&quot;_ha_eqh_enable&quot;:false}\">\n\t\t\t\t\t\t\t<div class=\"elementor-background-overlay\"><\/div>\n\t\t\t\t\t\t\t<div class=\"elementor-container elementor-column-gap-no\">\n\t\t\t\t\t<div class=\"elementor-column elementor-col-100 elementor-top-column elementor-element elementor-element-7e034a01\" data-id=\"7e034a01\" data-element_type=\"column\">\n\t\t\t<div class=\"elementor-widget-wrap elementor-element-populated\">\n\t\t\t\t\t\t<div class=\"elementor-element elementor-element-7e0b9187 elementor-widget elementor-widget-heading\" data-id=\"7e0b9187\" data-element_type=\"widget\" data-widget_type=\"heading.default\">\n\t\t\t\t<div class=\"elementor-widget-container\">\n\t\t\t\t\t<h2 class=\"elementor-heading-title elementor-size-default\">CONTACTO<\/h2>\t\t\t\t<\/div>\n\t\t\t\t<\/div>\n\t\t\t\t\t<\/div>\n\t\t<\/div>\n\t\t\t\t\t<\/div>\n\t\t<\/section>\n\t\t\t\t<section class=\"elementor-section elementor-top-section elementor-element elementor-element-5b0b06f5 elementor-section-boxed elementor-section-height-default elementor-section-height-default\" data-id=\"5b0b06f5\" data-element_type=\"section\" data-settings=\"{&quot;_ha_eqh_enable&quot;:false}\">\n\t\t\t\t\t\t<div class=\"elementor-container elementor-column-gap-default\">\n\t\t\t\t\t<div class=\"elementor-column elementor-col-100 elementor-top-column elementor-element elementor-element-20877073\" data-id=\"20877073\" data-element_type=\"column\">\n\t\t\t<div class=\"elementor-widget-wrap elementor-element-populated\">\n\t\t\t\t\t\t<div class=\"elementor-element elementor-element-4ac3ae9e elementor-widget elementor-widget-text-editor\" data-id=\"4ac3ae9e\" data-element_type=\"widget\" data-widget_type=\"text-editor.default\">\n\t\t\t\t<div class=\"elementor-widget-container\">\n\t\t\t\t\t\t\t\t\t\u00a1No dudes en ponerte en contacto con nosotros para recibir asesoramiento legal personalizado! Estamos aqu\u00ed para responder a tus consultas y brindarte las soluciones que necesitas.\u00a0 Tu satisfacci\u00f3n y \u00e9xito legal son nuestra prioridad, y esperamos poder ayudarte en cada paso del camino. \u00a1Esperamos tu llamado o mensaje!\n<div id=\"BD34DA22_AD31_C801_29AB_A63725E52126\"><\/div>\n<div id=\"BD34DA22_AD31_C801_29AB_A63725E52126\"><\/div>\t\t\t\t\t\t\t\t<\/div>\n\t\t\t\t<\/div>\n\t\t\t\t<div class=\"elementor-element elementor-element-75f52fac elementor-widget elementor-widget-text-editor\" data-id=\"75f52fac\" data-element_type=\"widget\" data-widget_type=\"text-editor.default\">\n\t\t\t\t<div class=\"elementor-widget-container\">\n\t\t\t\t\t\t\t\t\tNos encontramos en Ituzaing\u00f3\n<div id=\"BD34DA22_AD31_C801_29AB_A63725E52126\"><\/div>\n<div id=\"BD34DA22_AD31_C801_29AB_A63725E52126\"><\/div>\n<div id=\"BD34DA22_AD31_C801_29AB_A63725E52126\"><\/div>\t\t\t\t\t\t\t\t<\/div>\n\t\t\t\t<\/div>\n\t\t\t\t<div class=\"elementor-element elementor-element-661f7ac9 elementor-align-center elementor-icon-list--layout-traditional elementor-list-item-link-full_width elementor-widget elementor-widget-icon-list\" data-id=\"661f7ac9\" data-element_type=\"widget\" data-widget_type=\"icon-list.default\">\n\t\t\t\t<div class=\"elementor-widget-container\">\n\t\t\t\t\t\t\t<ul class=\"elementor-icon-list-items\">\n\t\t\t\t\t\t\t<li class=\"elementor-icon-list-item\">\n\t\t\t\t\t\t\t\t\t\t\t<a href=\"tel:1154932290\" target=\"_blank\">\n\n\t\t\t\t\t\t\t\t\t\t\t\t<span class=\"elementor-icon-list-icon\">\n\t\t\t\t\t\t\t<i aria-hidden=\"true\" class=\"fas fa-phone-alt\"><\/i>\t\t\t\t\t\t<\/span>\n\t\t\t\t\t\t\t\t\t\t<span class=\"elementor-icon-list-text\">1154932290<\/span>\n\t\t\t\t\t\t\t\t\t\t\t<\/a>\n\t\t\t\t\t\t\t\t\t<\/li>\n\t\t\t\t\t\t\t\t<li class=\"elementor-icon-list-item\">\n\t\t\t\t\t\t\t\t\t\t\t<a href=\"mailto:adrian_fernandez72@hotmail.com\" target=\"_blank\">\n\n\t\t\t\t\t\t\t\t\t\t\t\t<span class=\"elementor-icon-list-icon\">\n\t\t\t\t\t\t\t<i aria-hidden=\"true\" class=\"far fa-envelope\"><\/i>\t\t\t\t\t\t<\/span>\n\t\t\t\t\t\t\t\t\t\t<span class=\"elementor-icon-list-text\">adrian_fernandez72@hotmail.com<\/span>\n\t\t\t\t\t\t\t\t\t\t\t<\/a>\n\t\t\t\t\t\t\t\t\t<\/li>\n\t\t\t\t\t\t\t\t<li class=\"elementor-icon-list-item\">\n\t\t\t\t\t\t\t\t\t\t\t<a href=\"https:\/\/www.instagram.com\/adrian_fernandez72\/\" target=\"_blank\">\n\n\t\t\t\t\t\t\t\t\t\t\t\t<span class=\"elementor-icon-list-icon\">\n\t\t\t\t\t\t\t<i aria-hidden=\"true\" class=\"fab fa-instagram\"><\/i>\t\t\t\t\t\t<\/span>\n\t\t\t\t\t\t\t\t\t\t<span class=\"elementor-icon-list-text\">Instagram<\/span>\n\t\t\t\t\t\t\t\t\t\t\t<\/a>\n\t\t\t\t\t\t\t\t\t<\/li>\n\t\t\t\t\t\t<\/ul>\n\t\t\t\t\t\t<\/div>\n\t\t\t\t<\/div>\n\t\t\t\t<div class=\"elementor-element elementor-element-6e0b8274 elementor-align-center elementor-mobile-align-center elementor-widget elementor-widget-button\" data-id=\"6e0b8274\" data-element_type=\"widget\" data-widget_type=\"button.default\">\n\t\t\t\t<div class=\"elementor-widget-container\">\n\t\t\t\t\t\t\t\t\t<div class=\"elementor-button-wrapper\">\n\t\t\t\t\t<a class=\"elementor-button elementor-button-link elementor-size-sm elementor-animation-shrink\" href=\"https:\/\/wa.link\/aond0w\" target=\"_blank\">\n\t\t\t\t\t\t<span class=\"elementor-button-content-wrapper\">\n\t\t\t\t\t\t<span class=\"elementor-button-icon\">\n\t\t\t\t<i aria-hidden=\"true\" class=\"fab fa-whatsapp\"><\/i>\t\t\t<\/span>\n\t\t\t\t\t\t\t\t\t<span class=\"elementor-button-text\">ENVIAR WHATSAPP<\/span>\n\t\t\t\t\t<\/span>\n\t\t\t\t\t<\/a>\n\t\t\t\t<\/div>\n\t\t\t\t\t\t\t\t<\/div>\n\t\t\t\t<\/div>\n\t\t\t\t<div class=\"elementor-element elementor-element-6d8d82e6 elementor-widget elementor-widget-spacer\" data-id=\"6d8d82e6\" data-element_type=\"widget\" data-widget_type=\"spacer.default\">\n\t\t\t\t<div class=\"elementor-widget-container\">\n\t\t\t\t\t\t\t<div class=\"elementor-spacer\">\n\t\t\t<div class=\"elementor-spacer-inner\"><\/div>\n\t\t<\/div>\n\t\t\t\t\t\t<\/div>\n\t\t\t\t<\/div>\n\t\t\t\t\t<\/div>\n\t\t<\/div>\n\t\t\t\t\t<\/div>\n\t\t<\/section>\n\t\t\t\t<\/div>\n\t\t","protected":false},"excerpt":{"rendered":"<p>NUESTRO ESTUDIO Estudio Jur\u00eddico del Doctor Adri\u00e1n Fern\u00e1ndez \u25c8 M\u00e1s de 17 a\u00f1os respaldan nuestra trayectoria y experiencia \u25c8 Ciudad Aut\u00f3noma de Buenos Aires y Zona Norte del Gran Buenos Aires &#8211; Provincia de Buenos Aires. Las necesidades de cada persona ante un problema legal pueden ser variadas. Se requiere un an\u00e1lisis integral de cada [&hellip;]<\/p>\n","protected":false},"author":1,"featured_media":0,"parent":0,"menu_order":0,"comment_status":"closed","ping_status":"open","template":"","meta":{"site-sidebar-layout":"no-sidebar","site-content-layout":"page-builder","ast-site-content-layout":"default","site-content-style":"default","site-sidebar-style":"default","ast-global-header-display":"","ast-banner-title-visibility":"","ast-main-header-display":"","ast-hfb-above-header-display":"","ast-hfb-below-header-display":"","ast-hfb-mobile-header-display":"","site-post-title":"disabled","ast-breadcrumbs-content":"","ast-featured-img":"disabled","footer-sml-layout":"","ast-disable-related-posts":"","theme-transparent-header-meta":"","adv-header-id-meta":"","stick-header-meta":"","header-above-stick-meta":"","header-main-stick-meta":"","header-below-stick-meta":"","astra-migrate-meta-layouts":"default","ast-page-background-enabled":"default","ast-page-background-meta":{"desktop":{"background-color":"var(--ast-global-color-4)","background-image":"","background-repeat":"repeat","background-position":"center center","background-size":"auto","background-attachment":"scroll","background-type":"","background-media":"","overlay-type":"","overlay-color":"","overlay-opacity":"","overlay-gradient":""},"tablet":{"background-color":"","background-image":"","background-repeat":"repeat","background-position":"center center","background-size":"auto","background-attachment":"scroll","background-type":"","background-media":"","overlay-type":"","overlay-color":"","overlay-opacity":"","overlay-gradient":""},"mobile":{"background-color":"","background-image":"","background-repeat":"repeat","background-position":"center center","background-size":"auto","background-attachment":"scroll","background-type":"","background-media":"","overlay-type":"","overlay-color":"","overlay-opacity":"","overlay-gradient":""}},"ast-content-background-meta":{"desktop":{"background-color":"var(--ast-global-color-5)","background-image":"","background-repeat":"repeat","background-position":"center center","background-size":"auto","background-attachment":"scroll","background-type":"","background-media":"","overlay-type":"","overlay-color":"","overlay-opacity":"","overlay-gradient":""},"tablet":{"background-color":"var(--ast-global-color-5)","background-image":"","background-repeat":"repeat","background-position":"center center","background-size":"auto","background-attachment":"scroll","background-type":"","background-media":"","overlay-type":"","overlay-color":"","overlay-opacity":"","overlay-gradient":""},"mobile":{"background-color":"var(--ast-global-color-5)","background-image":"","background-repeat":"repeat","background-position":"center center","background-size":"auto","background-attachment":"scroll","background-type":"","background-media":"","overlay-type":"","overlay-color":"","overlay-opacity":"","overlay-gradient":""}},"_joinchat":[],"footnotes":""},"class_list":["post-47","page","type-page","status-publish","hentry"],"yoast_head":"<!-- This site is optimized with the Yoast SEO plugin v27.4 - https:\/\/yoast.com\/product\/yoast-seo-wordpress\/ -->\n<title>NUESTRO ESTUDIO - Adri\u00e1n Fernandez Abogado<\/title>\n<meta name=\"robots\" content=\"index, follow, max-snippet:-1, max-image-preview:large, max-video-preview:-1\" \/>\n<link rel=\"canonical\" href=\"https:\/\/adrianfernandezabogado.com.ar\/index.php\/nuestro-estudio\/\" \/>\n<meta property=\"og:locale\" content=\"es_ES\" \/>\n<meta property=\"og:type\" content=\"article\" \/>\n<meta property=\"og:title\" content=\"NUESTRO ESTUDIO - Adri\u00e1n Fernandez Abogado\" \/>\n<meta property=\"og:description\" content=\"NUESTRO ESTUDIO Estudio Jur\u00eddico del Doctor Adri\u00e1n Fern\u00e1ndez \u25c8 M\u00e1s de 17 a\u00f1os respaldan nuestra trayectoria y experiencia \u25c8 Ciudad Aut\u00f3noma de Buenos Aires y Zona Norte del Gran Buenos Aires &#8211; Provincia de Buenos Aires. Las necesidades de cada persona ante un problema legal pueden ser variadas. Se requiere un an\u00e1lisis integral de cada [&hellip;]\" \/>\n<meta property=\"og:url\" content=\"https:\/\/adrianfernandezabogado.com.ar\/index.php\/nuestro-estudio\/\" \/>\n<meta property=\"og:site_name\" content=\"Adri\u00e1n Fernandez Abogado\" \/>\n<meta property=\"article:modified_time\" content=\"2023-08-13T18:38:03+00:00\" \/>\n<meta name=\"twitter:card\" content=\"summary_large_image\" \/>\n<meta name=\"twitter:label1\" content=\"Est. reading time\" \/>\n\t<meta name=\"twitter:data1\" content=\"2 minutos\" \/>\n<script type=\"application\/ld+json\" class=\"yoast-schema-graph\">{\"@context\":\"https:\\\/\\\/schema.org\",\"@graph\":[{\"@type\":\"WebPage\",\"@id\":\"https:\\\/\\\/adrianfernandezabogado.com.ar\\\/index.php\\\/nuestro-estudio\\\/\",\"url\":\"https:\\\/\\\/adrianfernandezabogado.com.ar\\\/index.php\\\/nuestro-estudio\\\/\",\"name\":\"NUESTRO ESTUDIO - Adri\u00e1n Fernandez Abogado\",\"isPartOf\":{\"@id\":\"https:\\\/\\\/adrianfernandezabogado.com.ar\\\/#website\"},\"datePublished\":\"2023-08-13T16:46:13+00:00\",\"dateModified\":\"2023-08-13T18:38:03+00:00\",\"breadcrumb\":{\"@id\":\"https:\\\/\\\/adrianfernandezabogado.com.ar\\\/index.php\\\/nuestro-estudio\\\/#breadcrumb\"},\"inLanguage\":\"es-UY\",\"potentialAction\":[{\"@type\":\"ReadAction\",\"target\":[\"https:\\\/\\\/adrianfernandezabogado.com.ar\\\/index.php\\\/nuestro-estudio\\\/\"]}]},{\"@type\":\"BreadcrumbList\",\"@id\":\"https:\\\/\\\/adrianfernandezabogado.com.ar\\\/index.php\\\/nuestro-estudio\\\/#breadcrumb\",\"itemListElement\":[{\"@type\":\"ListItem\",\"position\":1,\"name\":\"Portada\",\"item\":\"https:\\\/\\\/adrianfernandezabogado.com.ar\\\/\"},{\"@type\":\"ListItem\",\"position\":2,\"name\":\"NUESTRO ESTUDIO\"}]},{\"@type\":\"WebSite\",\"@id\":\"https:\\\/\\\/adrianfernandezabogado.com.ar\\\/#website\",\"url\":\"https:\\\/\\\/adrianfernandezabogado.com.ar\\\/\",\"name\":\"Adri\u00e1n Fernandez Abogado\",\"description\":\"Estudio Jur\u00eddoco Integral. Divorcios compensaci\u00f3n econ\u00f3mica, r\u00e9gimen de comunicaci\u00f3n, atribuci\u00f3n de la vivienda, cuidado personal, capacidad jur\u00eddica, plan de parentalidad, sucesiones y filiaciones.\",\"publisher\":{\"@id\":\"https:\\\/\\\/adrianfernandezabogado.com.ar\\\/#organization\"},\"potentialAction\":[{\"@type\":\"SearchAction\",\"target\":{\"@type\":\"EntryPoint\",\"urlTemplate\":\"https:\\\/\\\/adrianfernandezabogado.com.ar\\\/?s={search_term_string}\"},\"query-input\":{\"@type\":\"PropertyValueSpecification\",\"valueRequired\":true,\"valueName\":\"search_term_string\"}}],\"inLanguage\":\"es-UY\"},{\"@type\":\"Organization\",\"@id\":\"https:\\\/\\\/adrianfernandezabogado.com.ar\\\/#organization\",\"name\":\"Adri\u00e1n Fernandez Abogado\",\"url\":\"https:\\\/\\\/adrianfernandezabogado.com.ar\\\/\",\"logo\":{\"@type\":\"ImageObject\",\"inLanguage\":\"es-UY\",\"@id\":\"https:\\\/\\\/adrianfernandezabogado.com.ar\\\/#\\\/schema\\\/logo\\\/image\\\/\",\"url\":\"https:\\\/\\\/adrianfernandezabogado.com.ar\\\/wp-content\\\/uploads\\\/2023\\\/08\\\/LOGOWEB.jpg\",\"contentUrl\":\"https:\\\/\\\/adrianfernandezabogado.com.ar\\\/wp-content\\\/uploads\\\/2023\\\/08\\\/LOGOWEB.jpg\",\"width\":700,\"height\":180,\"caption\":\"Adri\u00e1n Fernandez Abogado\"},\"image\":{\"@id\":\"https:\\\/\\\/adrianfernandezabogado.com.ar\\\/#\\\/schema\\\/logo\\\/image\\\/\"}}]}<\/script>\n<!-- \/ Yoast SEO plugin. -->","yoast_head_json":{"title":"NUESTRO ESTUDIO - Adri\u00e1n Fernandez Abogado","robots":{"index":"index","follow":"follow","max-snippet":"max-snippet:-1","max-image-preview":"max-image-preview:large","max-video-preview":"max-video-preview:-1"},"canonical":"https:\/\/adrianfernandezabogado.com.ar\/index.php\/nuestro-estudio\/","og_locale":"es_ES","og_type":"article","og_title":"NUESTRO ESTUDIO - Adri\u00e1n Fernandez Abogado","og_description":"NUESTRO ESTUDIO Estudio Jur\u00eddico del Doctor Adri\u00e1n Fern\u00e1ndez \u25c8 M\u00e1s de 17 a\u00f1os respaldan nuestra trayectoria y experiencia \u25c8 Ciudad Aut\u00f3noma de Buenos Aires y Zona Norte del Gran Buenos Aires &#8211; Provincia de Buenos Aires. Las necesidades de cada persona ante un problema legal pueden ser variadas. Se requiere un an\u00e1lisis integral de cada [&hellip;]","og_url":"https:\/\/adrianfernandezabogado.com.ar\/index.php\/nuestro-estudio\/","og_site_name":"Adri\u00e1n Fernandez Abogado","article_modified_time":"2023-08-13T18:38:03+00:00","twitter_card":"summary_large_image","twitter_misc":{"Est. reading time":"2 minutos"},"schema":{"@context":"https:\/\/schema.org","@graph":[{"@type":"WebPage","@id":"https:\/\/adrianfernandezabogado.com.ar\/index.php\/nuestro-estudio\/","url":"https:\/\/adrianfernandezabogado.com.ar\/index.php\/nuestro-estudio\/","name":"NUESTRO ESTUDIO - Adri\u00e1n Fernandez Abogado","isPartOf":{"@id":"https:\/\/adrianfernandezabogado.com.ar\/#website"},"datePublished":"2023-08-13T16:46:13+00:00","dateModified":"2023-08-13T18:38:03+00:00","breadcrumb":{"@id":"https:\/\/adrianfernandezabogado.com.ar\/index.php\/nuestro-estudio\/#breadcrumb"},"inLanguage":"es-UY","potentialAction":[{"@type":"ReadAction","target":["https:\/\/adrianfernandezabogado.com.ar\/index.php\/nuestro-estudio\/"]}]},{"@type":"BreadcrumbList","@id":"https:\/\/adrianfernandezabogado.com.ar\/index.php\/nuestro-estudio\/#breadcrumb","itemListElement":[{"@type":"ListItem","position":1,"name":"Portada","item":"https:\/\/adrianfernandezabogado.com.ar\/"},{"@type":"ListItem","position":2,"name":"NUESTRO ESTUDIO"}]},{"@type":"WebSite","@id":"https:\/\/adrianfernandezabogado.com.ar\/#website","url":"https:\/\/adrianfernandezabogado.com.ar\/","name":"Adri\u00e1n Fernandez Abogado","description":"Estudio Jur\u00eddoco Integral. Divorcios compensaci\u00f3n econ\u00f3mica, r\u00e9gimen de comunicaci\u00f3n, atribuci\u00f3n de la vivienda, cuidado personal, capacidad jur\u00eddica, plan de parentalidad, sucesiones y filiaciones.","publisher":{"@id":"https:\/\/adrianfernandezabogado.com.ar\/#organization"},"potentialAction":[{"@type":"SearchAction","target":{"@type":"EntryPoint","urlTemplate":"https:\/\/adrianfernandezabogado.com.ar\/?s={search_term_string}"},"query-input":{"@type":"PropertyValueSpecification","valueRequired":true,"valueName":"search_term_string"}}],"inLanguage":"es-UY"},{"@type":"Organization","@id":"https:\/\/adrianfernandezabogado.com.ar\/#organization","name":"Adri\u00e1n Fernandez Abogado","url":"https:\/\/adrianfernandezabogado.com.ar\/","logo":{"@type":"ImageObject","inLanguage":"es-UY","@id":"https:\/\/adrianfernandezabogado.com.ar\/#\/schema\/logo\/image\/","url":"https:\/\/adrianfernandezabogado.com.ar\/wp-content\/uploads\/2023\/08\/LOGOWEB.jpg","contentUrl":"https:\/\/adrianfernandezabogado.com.ar\/wp-content\/uploads\/2023\/08\/LOGOWEB.jpg","width":700,"height":180,"caption":"Adri\u00e1n Fernandez Abogado"},"image":{"@id":"https:\/\/adrianfernandezabogado.com.ar\/#\/schema\/logo\/image\/"}}]}},"_links":{"self":[{"href":"https:\/\/adrianfernandezabogado.com.ar\/index.php\/wp-json\/wp\/v2\/pages\/47","targetHints":{"allow":["GET"]}}],"collection":[{"href":"https:\/\/adrianfernandezabogado.com.ar\/index.php\/wp-json\/wp\/v2\/pages"}],"about":[{"href":"https:\/\/adrianfernandezabogado.com.ar\/index.php\/wp-json\/wp\/v2\/types\/page"}],"author":[{"embeddable":true,"href":"https:\/\/adrianfernandezabogado.com.ar\/index.php\/wp-json\/wp\/v2\/users\/1"}],"replies":[{"embeddable":true,"href":"https:\/\/adrianfernandezabogado.com.ar\/index.php\/wp-json\/wp\/v2\/comments?post=47"}],"version-history":[{"count":10,"href":"https:\/\/adrianfernandezabogado.com.ar\/index.php\/wp-json\/wp\/v2\/pages\/47\/revisions"}],"predecessor-version":[{"id":180,"href":"https:\/\/adrianfernandezabogado.com.ar\/index.php\/wp-json\/wp\/v2\/pages\/47\/revisions\/180"}],"wp:attachment":[{"href":"https:\/\/adrianfernandezabogado.com.ar\/index.php\/wp-json\/wp\/v2\/media?parent=47"}],"curies":[{"name":"wp","href":"https:\/\/api.w.org\/{rel}","templated":true}]}}